10*r + 16. Calculate y(11).
5
Let k(w) = -w**2 + 10*w - 23. Calculate k(7).
-2
Let l(g) = g - 14. Give l(24).
10
Let r(t) = -t**3 + t**2 - 1. Give r(-1).
1
Let u(h) = 5*h**2 + 3*h. Determine u(-4).
68
Let s(m) = -10*m - 7. Give s(4).
-47
Let k(w) = 6*w - 28. Give k(6).
8
Let g(t) = t**3 - 2*t**2 + 28. Determine g(0).
28
Let z(y) = y**3 + 7*y**2 + 11*y + 13. Determine z(-5).
8
Let f(d) = -d - 22. Calculate f(-12).
-10
Let x(c) = -7*c**3 + 22*c**2 - 2*c. Calculate x(3).
3
Let c(l) = 2*l**3 + 17*l**2 - 4*l + 5. Calculate c(-9).
-40
Let s(l) = -8*l - 69. Determine s(-12).
27
Let w(d) = -4*d**3 + 24*d**2 - 8. Determine w(6).
-8
Let h(x) = x**2 + 6*x - 18. Determine h(-9).
9
Let k(f) = -2*f - 3. Calculate k(-1).
-1
Let s(r) = -r**2 + 8*r + 11. What is s(10)?
-9
Let t(x) = x**3 + 12*x**2 - 16*x - 37. What is t(-13)?
2
Let y(l) = 18*l + 216. What is y(-12)?
0
Let w(o) = -2*o**3 - 2*o**2 + o + 2. Determine w(1).
-1
Let f(s) = s**2 - 11*s - 147. Give f(-8).
5
Let s(z) = -z**3 - 10*z**2 - 26*z + 6. Determine s(-6).
18
Let y(i) = 5*i - 198. Give y(39).
-3
Let w(f) = -10*f - 21. What is w(-4)?
19
Let m(q) = 18*q - 26. Give m(2).
10
Let m(x) = -x - 2. Give m(11).
-13
Let n(w) = w**3 - 6*w**2 - 68*w + 413. Determine n(6).
5
Let n(v) = -v**2 + 6*v - 8. Give n(6).
-8
Let a(u) = u - 38. Determine a(29).
-9
Let h(s) = -6*s + 11. Give h(-5).
41
Let v(a) = 2*a**2 - 11*a + 13. Determine v(6).
19
Let j(d) = -13*d + 89. Give j(7).
-2
Let i(w) = -7*w - 37. Determine i(-5).
-2
Let m(u) = -2*u**2 - u + 14. What is m(-4)?
-14
Let s(r) = -r**3 + 6*r**2 + 15*r - 6. Give s(8).
-14
Let f(h) = 2*h**3 + 11*h**2 - 6*h + 10. Give f(-6).
10
Let k(r) = -5*r - 3. Determine k(-7).
32
Let u(i) = -118*i + 5. Determine u(-1).
123
Let s(o) = o**3 - 6*o**2 + 4*o + 3. What is s(5)?
-2
Let y(k) = k**2 - 18*k + 1. What is y(18)?
1
Let u(j) = -2*j - 33. Determine u(-11).
-11
Let k(a) = -a**3 - 9*a**2 + 14*a + 38. Determine k(-10).
-2
Let d(b) = b**3 - 4*b**2 + 2*b - 3. What is d(4)?
5
Let a(x) = 28*x + 206. Give a(-7).
10
Let r(p) = 43*p - 355. What is r(8)?
-11
Let f(d) = d**3 + 23*d**2 + 24*d + 30. What is f(-22)?
-14
Let i(f) = 3*f - 2. Calculate i(6).
16
Let c(a) = -2*a**3 - 2*a**2 + 2*a + 3. Determine c(-3).
33
Let j(r) = 2*r**3 - 60*r**2 - 62*r + 41. Give j(31).
41
Let o(a) = -4*a**2 + 2*a. What is o(2)?
-12
Let v(s) = -s**2 - 21*s + 45. Determine v(-23).
-1
Let s(n) = 4*n**3 + 2*n**2 + 5*n + 5. Give s(-2).
-29
Let w(u) = 4*u + 7. Calculate w(-9).
-29
Let d(g) = g**3 + 4*g**2 + 5*g + 11. Give d(-4).
-9
Let w(g) = g**2 - 19*g + 27. Give w(13).
-51
Let o(j) = -j**3 - 4*j**2 - 2. What is o(-5)?
23
Let c(b) = b**2 + 7*b + 13. Calculate c(-6).
7
Let f(p) = 10*p + 48. Determine f(-4).
8
Let n(d) = -d**2 + 13. What is n(5)?
-12
Let h(b) = 3*b**2 - 24*b + 3. What is h(8)?
3
Let r(n) = n**2 + 8*n + 7. What is r(-2)?
-5
Let w(r) = -5*r - 24. Give w(-7).
11
Let o(f) = -4*f + 12. Give o(9).
-24
Let q(c) = c**3 - 18*c**2 - 40*c - 12. Determine q(20).
-12
Let p(w) = -9*w + 3. Calculate p(5).
-42
Let d(c) = c**3 - c**2 - 10*c - 7. What is d(4)?
1
Let x(m) = 17*m - 49. Calculate x(4).
19
Let b(d) = 110*d**2 - 2*d + 2. Give b(1).
110
Let o(r) = -r**3 + 8*r**2 - 7*r + 1. Calculate o(8).
-55
Let s(f) = f**2 - 10*f - 10. Determine s(8).
-26
Let k(j) = j**3 + 46*j**2 - 47*j - 8. What is k(-47)?
-8
Let t(o) = -15*o + 555. What is t(38)?
-15
Let u(t) = 5*t + 93. Calculate u(-19).
-2
Let s(n) = n**3 + 6*n**2 + 2*n - 16. Determine s(-4).
8
Let s(f) = f**3 - 15*f**2 + 58*f - 19. Give s(6).
5
Let n(o) = 2*o**3 - 3*o**2 - 10*o + 11. Determine n(2).
-5
Let b(q) = q + 22. Calculate b(0).
22
Let f(r) = -4*r**2 + 35*r - 17. Calculate f(8).
7
Let f(h) = -h**2 - 19*h - 18. Determine f(-22).
-84
Let l(s) = s**3 + 4*s**2 - 6*s - 1. Determine l(-5).
4
Let w(h) = 47*h + 98. What is w(-4)?
-90
Let a(p) = 3*p**3 - p**2 - p - 1. What is a(-1)?
-4
Let o(h) = h**3 + 5*h**2 - 7*h - 7. Give o(-6).
-1
Let y(n) = -2*n**2 + n + 15. Calculate y(-3).
-6
Let n(z) = 2*z**2 + 15*z + 18. What is n(-8)?
26
Let v(x) = -13*x**3 - 5*x**2. Give v(-1).
8
Let i(d) = 90*d + 3. Calculate i(-1).
-87
Let x(o) = o**2 + 19*o - 93. Calculate x(-23).
-1
Let t(o) = -o**3 - 11*o**2 - 11*o + 15. Give t(-10).
25
Let j(v) = v + 7. Give j(21).
28
Let m(a) = -a**2 - 10*a + 30. Determine m(3).
-9
Let z(u) = 4*u**2 - 19*u - 5. Give z(5).
0
Let b(s) = -2*s**3 + s**2 + 6*s - 5. Calculate b(2).
-5
Let h(q) = -q + 13. Determine h(-17).
30
Let a(v) = v + 17. Calculate a(21).
38
Let a(k) = k**2 - 11*k + 13. Calculate a(9).
-5
Let k(h) = -2*h**3 - 6*h**2 - 3*h - 5. What is k(-4)?
39
Let v(l) = 20*l - 124. Calculate v(7).
16
Let k(p) = -p**3 + 29*p**2 + 25*p + 151. Calculate k(30).
1
Let m(f) = -8*f + 181. What is m(22)?
5
Let s(k) = 40*k + 99. Calculate s(-3).
-21
Let p(i) = -i**3 - 7*i**2 + 4*i + 7. What is p(-7)?
-21
Let g(v) = v**2 - 4*v + 10. Give g(-3).
31
Let s(p) = -4*p**2 + 2*p + 6. What is s(3)?
-24
Let s(r) = -227*r + 1358. Give s(6).
-4
Let g(f) = f**3 + 6*f**2 - 10. What is g(-5)?
15
Let w(x) = 28*x - 6. Give w(-3).
-90
Let t(x) = -6*x**3 + 7*x**2 - 13*x. Determine t(2).
-46
Let t(r) = r**2 + 12*r - 2. Determine t(-13).
11
Let d(a) = a**3 + 24*a**2 - 22*a + 28. Give d(-25).
-47
Let r(m) = m**3 + 6*m**2 + 2*m + 12. What is r(-6)?
0
Let d(l) = l - 12. What is d(4)?
-8
Let x(o) = 9*o**2 + 59*o - 20. Give x(-7).
8
Let g(y) = 4*y - 90. What is g(0)?
-90
Let c(b) = -5*b + 9. Give c(-1).
14
Let c(o) = 13*o - 83. Calculate c(9).
34
Let t(m) = m**3 + 26*m**2 + 43*m - 48. Determine t(-24).
72
Let l(v) = 176*v - 1064. Give l(6).
-8
Let l(g) = g**2 + 33*g - 72. Calculate l(-35).
-2
Let j(h) = -352*h + 2812. What is j(8)?
-4
Let z(o) = -4*o + 20. What is z(6)?
-4
Let n(s) = -3*s**2 - s - 1. Calculate n(5).
-81
Let c(b) = -16*b + 137. Calculate c(6).
41
Let q(k) = -k**3 - 12*k**2 - 11*k + 7. Calculate q(-11).
7
Let q(t) = -t**3 + 12*t**2 - 10*t - 13. Give q(11).
-2
Let k(i) = -i**3 - 10*i**2 + 16*i + 16. Give k(-12).
112
Let r(y) = -2*y**3 + y**2. Determine r(-1).
3
Let j(z) = -z**2 + 3*z - 6. Calculate j(4).
-10
Let f(o) = -4*o + 4. Give f(0).
4
Let c(q) = -q + 12. What is c(21)?
-9
Let d(s) = -7*s + 304. Calculate d(43).
3
Let g(x) = x**3 - 14*x**2 - 16*x - 16. What is g(15)?
-31
Let d(l) = -2*l**2 + 11*l - 8. Calculate d(4).
4
Let t(o) = o**3 + 3*o**2 - 2*o + 1. Give t(0).
1
Let o(r) = -r**3 + 15*r**2 + 14*r + 2. Determine o(16).
-30
Let s(n) = -3*n**2 + 65*n + 1. Determine s(22).
-21
Let d(t) = -t**2 + 14*t + 4. Give d(12).
28
Let q(k) = -k**3 - 22*k**2 - 19*k + 56. Calculate q(-21).
14
Let j(m) = -8*m - 41. Determine j(-5).
-1
Let f(i) = i**2 - 7*i - 6. Give f(6).
-12
Let p(r) = -5*r - 11. Determine p(-5).
14
Let i(k) = k. What is i(-1)?
-1
Let q(b) = 2*b**3 - 46*b**2 + 47*b - 34. What is q(22)?
32
Let h(o) = -3*o**2 + 39*o + 14. Calculate h(13).
14
Let r(i) = 7*i + 24. Give r(-6).
-18
Let y(i) = -2*i**2 + i - 3. What is y(5)?
-48
Let r(g) = -g**3 - 10*g**2 + 9*g + 8. Calculate r(-11).
30
Let t(r) = -r**2 - 2*r + 4. Determine t(4).
-20
Let v(a) = a**3 - 7*a**2 - 6*a - 2. What is v(7)?
-44
Let b(r) = r**2 - 31*r - 38. Determine b(32).
-6
Let f(t) = -t**2 + 24*t - 75. Calculate f(4).
5
Let w(a) = -11*a**2 + 203*a + 116. Determine w(19).
2
Let k(x) = -x**3 + 2*x**2 + 12*x + 8. Calculate k(5).
-7
Let r(f) = -50*f + 245. Determine r(5).
-5
Let i(l) = l**3 + 5*l**2 + 2*l + 4. Give i(-5).
-6
Let l(s) = -15*s + 171. Determine l(13).
-24
Let o(s) = -s**3 + 6*s**2 + s - 5. Determine o(6).
1
Let z(l) = l + 11. Determine z(-7).
4
Let j(v) = -v**3 - 20*v**2 + 22*v + 30. Calculate j(-21).
9
Let p(x) = -x**2 - 21*x - 72. Give p(-4).
-4
Let g(q) = q**3 + 2*q**2 + 15*q + 81. What is g(-4)?
-11
Let i(b) = -4*b - 10. Determine i(-2).
-2
Let g(w) = 3*w**2 - 37*w + 7. Give g(12).
-5
Let j(q) = 27*q + 193. Determine j(-8).
-23
Let d(b) = 2*b. Give d(3).
6
Let d(z) = 3*z + 15. Determine d(8).
39
Let s(w) = 3*w**2 - 4*w - 6. What is s(3)?
9
Let m(z) = 110*z + 441. Give m(-4).
1
Let o(l) = 8*l**2 - l - 1. Calculate o(-1).
8
Let v(p) = 13*p - 1. Calculate v(-1).
-14
Let n(k) = k**2 + 40*k + 246. Calculate n(-32).
-10
Let d(y) = y**2 + 6*y - 1. Determine d(-6).
-1
Let a(f) = -f**3 - 15*f**2 - 14*f + 3. Determine a(-14).
3
Let o(c) = 3*c**3 + 89*c**2 - 30*c + 2. What is o(-30)?
2
Let d(t)